 = 4*k. Let n be h(k). Calculate the highest common factor of 81 and n.
9
Suppose -k - 550 = -6*k. Suppose 0 = -2*x + 16 + 18. Let s = x - -5. Calculate the greatest common divisor of s and k.
22
Suppose 0*q + 8 = 4*q. Suppose -2*w - 3*l + 17 = 0, -5*l + 14 = w - 12. Let k be (w + -16)/(q/(-4)). What is the highest common factor of 10 and k?
10
Let o be 370/(-16) + (-2)/(-16). Let s = o - -30. Calculate the highest common divisor of s and 7.
7
Let z be 0 + (4 - 1) + -1. Suppose -p + n - 172 = -6*p, -p + 30 = -z*n. What is the highest common divisor of 85 and p?
17
Let f(c) = -4*c - 26. Let z be f(-7). Suppose -o + 51 = 2*l, 7*l - z*l = -4*o + 132. Calculate the highest common divisor of l and 60.
12
Let q = -6 - -7. Suppose -y + 4 = -0*y, y = -g + 6. Suppose w + 3*j - g = 0, 3*w - 26 = -2*j + 1. Calculate the highest common factor of w and q.
1
Suppose 12 = 3*g + 3. Let h be 3 - ((1 - 0) + 0). Suppose -2*y + g*y = h. What is the highest common factor of 6 and y?
2
Suppose 8*i = -5 + 149. Let h(n) = 13*n - 6. Let b be h(6). What is the greatest common factor of i and b?
18
Let a be -1 - -5 - (-11 - 9). Suppose p + 4*l = a, -2*p - 3*l = -6*l - 103. What is the highest common divisor of p and 22?
22
Let x(i) = 36*i**3 + 5*i**2 - 8*i + 2. Let o be x(1). Suppose 5*d - 2*d = 42. Calculate the greatest common divisor of d and o.
7
Let b(r) = 3*r**3 - r - 2. Let d be b(2). Let z = 465 + -325. Calculate the highest common factor of z and d.
20
Let l = 356 - 322. What is the highest common divisor of l and 272?
34
Let q(j) = -j**2 - 9*j + 2. Suppose -4*a + 3 - 35 = 0. Let i be q(a). Suppose 0*p + 4*p - 80 = 0. Calculate the highest common factor of p and i.
10
Let t = -87 + 91. Calculate the greatest common divisor of 1 and t.
1
Suppose 0 = 2*d + 3*d. Suppose z - 17 - 63 = d. Let k(g) = 2*g**2 - 9*g + 19. Let n be k(3). What is the greatest common divisor of z and n?
10
Let d(c) = c**3 + 8*c**2 + 2*c + 18. Let f be d(-8). Suppose 19 + 33 = f*l. Suppose 3*v + 26 = 5*v. Calculate the greatest common factor of l and v.
13
Let p(v) = -v**2 - 13*v - 13. Let j be p(-9). Suppose -3*w - 213 = -8*w + x, 170 = 4*w - x. Let u = w - j. What is the greatest common factor of u and 100?
20
Suppose 13 = -d + 91. Let y be -3 + -1 + (d - -3). Calculate the highest common factor of y and 7.
7
Let l = 1 + -1. Suppose 7*c - 8*c + 10 = l. Let p(b) = -35*b. Let y be p(-2). What is the highest common divisor of c and y?
10
Suppose 2*x - 9 = 13. Suppose x = 2*h - 1. Let j = 62 - 38. What is the greatest common factor of j and h?
6
Suppose 4*h = o + 3*o - 152, 3*o + h - 106 = 0. Let t = -41 - -41. Suppose t = 5*r - r - 96. What is the greatest common factor of o and r?
12
Suppose 32*n = 215 + 1065. What is the highest common divisor of n and 800?
40
Let a be (32 - 4) + (-2 - (7 + -3)). Calculate the greatest common divisor of 7 and a.
1
Let v(l) be the first derivative of -l**3/3 - 11*l**2/2 + 2. Let b be v(-9). What is the highest common divisor of b and 2?
2
Let l be (-7)/(-49) + 5245/35. What is the greatest common divisor of 60 and l?
30
Suppose 550 = -4*u + 15*u. Calculate the highest common divisor of 2 and u.
2
Suppose -x - 2*v = 2*x - 37, 55 = 4*x - 3*v. Let i = -195 - -86. Let k = 174 + i. What is the greatest common divisor of k and x?
13
Let l = -102 + 183. Let d = -19 + 49. Suppose -3*k + d = 4*i - 2*i, 2*i + k = 22. What is the greatest common divisor of l and i?
9
Suppose -703 = -5*y - 43. What is the greatest common divisor of y and 12?
12
Suppose 40*b - 372 = 588. What is the greatest common divisor of b and 114?
6
Let m(j) = 2*j**2 - 49*j - 48. Let s be m(26). Calculate the highest common divisor of 345 and s.
15
Suppose -7*x + a - 18 = -11*x, -4 = -3*x + 4*a. Suppose -358 = -4*o - 2*s, 364 = -0*o + x*o + 4*s. Calculate the highest common factor of o and 22.
22
Suppose -3*p = 3*c + 2*c - 125, 3*c + 3*p - 81 = 0. Let m be c/14 + -2 - (-129)/7. Calculate the greatest common factor of 54 and m.
18
Suppose -10*w + 3613 = 3023. Calculate the greatest common factor of 1 and w.
1
Let l = -12 - -27. Suppose 5*d - 15 = 0, 4*y - l = d + 38. Let m = 230 - 216. Calculate the greatest common divisor of y and m.
14
Suppose 24*o - 227 - 37 = 0. Suppose -3*m = -3*t + 6, 3*m - 4 = -2*t + 7*m. Let u = 75 + t. What is the highest common factor of u and o?
11
Let v(d) be the third derivative of -35*d**4/24 - 5*d**3/6 - 13*d**2. Let z be v(-1). Calculate the highest common factor of 20 and z.
10
Let l = 673 + -664. Suppose 0 = -u + 7 + 7. Suppose 15 = 3*k - 3*m, -3*k = -k - m - u. Calculate the highest common factor of l and k.
9
Suppose -5*p = -5*l - 50, -3*l + 1 = -5. Let s(f) = 12*f - 36. Let h be s(14). What is the greatest common divisor of p and h?
12
Let u(p) = 2*p**2 - 2*p - 74. Let w be u(-7). Let v(b) = 25*b + 5. Let i be v(5). Suppose -2*q + i = w. What is the greatest common factor of 115 and q?
23
Let c = 1418 + -1093. What is the highest common divisor of c and 13?
13
Suppose -4*o = -v + 3*v + 44, -o = v + 18. Suppose 29 = j - 3*g, 3*g + 83 = 4*j + 2*g. Let h = j + v. What is the greatest common factor of 42 and h?
6
Suppose 4*x + 3*z = -1672, -2*x = -4*x - z - 838. Let u = x - -641. Let b be 852/42 - 8/28. What is the greatest common factor of b and u?
20
Suppose -5*w - 142 = -2*h - 3*w, -4*h + 5*w = -286. Let j = h + -6. Suppose 0 = -28*l + 39*l - 99. What is the highest common divisor of j and l?
9
Suppose l - 875 = 5*s, -3*s - 965 = -2*l + 750. Calculate the highest common divisor of l and 136.
34
Suppose -901 = 13*n - 1941. What is the highest common divisor of 580 and n?
20
Let j be -1 + (-1 - -2) - 4. Let q = -30 + 8. Let w be (j/3)/(q/231). Calculate the highest common divisor of 112 and w.
14
Suppose 2*q + 132 - 382 = -5*s, 118 = q - s. What is the highest common factor of q and 640?
40
Suppose 2*l - 182 = 52. Let g(k) = 4*k - 11. Let y = -63 - -69. Let r be g(y). Calculate the greatest common factor of r and l.
13
Suppose -3*y + 276 = 2*x, 5*x - 825 + 181 = 4*y. What is the highest common divisor of 44 and x?
44
Let v be 40 + (-1)/((-2)/(-10)). Calculate the greatest common divisor of v and 14.
7
Suppose 3*r - 5*o = 237, 2 = 5*o - 13. What is the greatest common factor of r and 273?
21
Let f be -12 - -7 - -39 - 0/(-2). Calculate the highest common factor of f and 4.
2
Let m(c) = 3*c - 2. Let r be m(3). Let x(u) = u**2 - 4*u - 6. Let a be x(r). Let q = 14 - 9. Calculate the highest common divisor of a and q.
5
Suppose 0 = -f + o - 0 - 7, f + 9 = 3*o. Let r(c) = -c**2 - 8*c + 4. Let x be r(f). Calculate the highest common factor of x and 24.
8
Suppose 5*j - j = 12. Suppose -1 = 5*k - 16. Suppose 44 = 4*q + 4*c, -q + 2 = k*c - 1. What is the greatest common factor of j and q?
3
Suppose 2*o + 14 - 2 = 0. Let p be o/(-3 - 129/(-45)). Calculate the greatest common factor of 45 and p.
45
Let f = 3728 + -3698. Let x(a) = -a**2 + 3*a + 6. Let w be x(5). Let m be 94/6 - w/(-6). Calculate the greatest common factor of m and f.
15
Let i be 279 - (-15 + 12/4 + 6). Calculate the highest common divisor of 195 and i.
15
Suppose u = -2*u + y - 2, 4 = -2*u + 2*y. Suppose u*z - 4*z + j = -219, j + 107 = 2*z. Calculate the greatest common factor of 14 and z.
14
Let g be (2 + -5)/((-6)/26). Let l = -8 - -21. What is the highest common factor of l and g?
13
Let n = -232 - -249. What is the highest common factor of 323 and n?
17
Suppose -s = -6*s + 60. Let u(o) = -o**3 + 11*o**2 + 12*o + 13. Let t be u(s). Suppose 2*l + 117 = 3*l. Calculate the greatest common divisor of l and t.
13
Let u = 135 - 126. What is the greatest common factor of 24 and u?
3
Let r = -120 + 212. Suppose 2*a = 5*w + 31, 4*w + w - 15 = 0. Calculate the greatest common divisor of a and r.
23
Let l(d) = -d**3 - 4*d**2 + 25*d + 118. Let x be l(-4). What is the highest common factor of 171 and x?
9
Let l be 8 + ((-24)/(-8) - -197). What is the greatest common divisor of l and 143?
13
Let k(h) = 2*h**2 - 12*h + 14. Let r be k(8). Suppose -6*u = -62 - r. What is the greatest common factor of 18 and u?
18
Suppose 0 = 37*a - 6429 - 8075. Calculate the highest common factor of 4 and a.
4
Let w(n) = -n**3 + 2*n**2 - n - 3. Let y(r) = r**3 - 5*r**2 - r + 3. Let d be y(5). Let m be w(d). Calculate the greatest commo